{"id":271,"date":"2020-10-08T15:00:30","date_gmt":"2020-10-08T13:00:30","guid":{"rendered":"http:\/\/www.groupe-t.org\/?page_id=271"},"modified":"2024-10-22T11:05:20","modified_gmt":"2024-10-22T09:05:20","slug":"qui-sommes-nous","status":"publish","type":"page","link":"http:\/\/www.groupe-t.org\/index.php\/qui-sommes-nous\/","title":{"rendered":"Qui sommes nous ?"},"content":{"rendered":"\n<p class=\"has-small-font-size\"><strong>Le Groupe T est une compagnie de th\u00e9\u00e2tre cr\u00e9\u00e9e en 2016. Elle est le fruit de la rencontre entre la metteuse en sc\u00e8ne Juliane Lachaut, l\u2019auteur dramatique Th\u00e9o Cazau, tous deux dipl\u00f4m\u00e9\u00b7es du parcours Dramaturgies de l\u2019ENS de Lyon, et le sc\u00e9nographe Antonin Fassio, artiste plasticien dipl\u00f4m\u00e9 de l\u2019\u00c9CAL (Lausanne). Une douzaine de collaborateur \u00b7rices fid\u00e8les (acteur\u00b7rices, cr\u00e9atrice lumi\u00e8re, compositeur, administratrice) viennent compl\u00e9ter l\u2019\u00e9quipe.<\/strong><\/p>\n\n\n\n<p class=\"has-small-font-size\"><strong>Dans chacun de ses spectacles, le Groupe T met en sc\u00e8ne des communaut\u00e9s ambigu\u00ebs. Communaut\u00e9 de jeunes et de vieux dans <em>Together!<\/em>, communaut\u00e9 d\u2019enfants r\u00e9volutionnaires dans <em>Les Toits bossus<\/em>, communaut\u00e9 de moines militants dans <em>Les Gar\u00e7ons qui croient sont tr\u00e8s seuls, les autres Gar\u00e7ons sont perdus<\/em> : autant d\u2019occasions de d\u00e9ployer des univers autonomes, denses et fourmillants, qui viennent \u00e0 chaque fois mettre en travail la question de l\u2019utopie, et celle du th\u00e9\u00e2tre.<\/strong><\/p>\n\n\n\n<p class=\"has-small-font-size\"><strong>Dans leurs spectacles, la sc\u00e9nographie, le texte et le jeu s\u2019\u00e9laborent en allers-retours, ricochets, et strates de recherches successives et ludiques. La particularit\u00e9 de leur travail est en effet d\u2019accorder \u00e0 leurs trois disciplines une place d\u2019une \u00e9gale importance dans la cr\u00e9ation. Cette conception de la fabrique th\u00e9\u00e2trale les am\u00e8ne \u00e0 accorder autant d\u2019attention \u00e0 leurs processus de cr\u00e9ation qu\u2019aux spectacles qui en r\u00e9sultent. Le Groupe T cr\u00e9e ainsi ses spectacles sur des temps longs, qui sont l\u2019occasion de r\u00e9aliser des d\u00e9tours et des rencontres \u00e0 travers des ateliers, \u00e9troitement li\u00e9s aux cr\u00e9ations de la compagnie ; mais aussi, des marches, des immersions, des stages, autant de mani\u00e8res d\u2019alimenter les pi\u00e8ces finales en m\u00ealant \u00e9troitement amateur\u00b7rices et professionnel\u00b7les dans leur travail.<\/strong><\/p>\n\n\n\n<p class=\"has-small-font-size\"><strong>Pour <em>Les Gar\u00e7ons qui croient sont tr\u00e8s seuls, les autres Gar\u00e7ons sont perdus<\/em>, le d\u00e9tour a consist\u00e9 dans la cr\u00e9ation d\u2019un r\u00e9pertoire de courtes pi\u00e8ces didactiques et all\u00e9goriques autour de l\u2019urgence climatique\u00a0: les Axiomatiques, repr\u00e9sent\u00e9es en ext\u00e9rieur lors de marches th\u00e9\u00e2trales. La premi\u00e8re a eu lieu \u00e0 l\u2019\u00e9t\u00e9 2023, dans le Morvan. Une deuxi\u00e8me tourn\u00e9e des Axiomatiques est pr\u00e9vue \u00e0 l\u2019\u00e9t\u00e9 2024, dans le Vexin fran\u00e7ais.<\/strong><\/p>\n\n\n\n<p class=\"has-small-font-size\"><strong>Le Groupe T est principalement soutenu et coproduit par le Th\u00e9\u00e2tre de la Commune \u2013 CDN d\u2019Aubervilliers et le Collectif 12 \u00e0 Mantes-la-Jolie. Il sera associ\u00e9 \u00e0 partir de septembre 2024 au Studio-Th\u00e9\u00e2tre de Vitry-sur-Seine.<\/strong><\/p>\n","protected":false},"excerpt":{"rendered":"<p>Le Groupe T est une compagnie de th\u00e9\u00e2tre cr\u00e9\u00e9e en 2016. Elle est le fruit de la rencontre entre la metteuse en sc\u00e8ne Juliane Lachaut, l\u2019auteur dramatique Th\u00e9o Cazau, tous deux dipl\u00f4m\u00e9\u00b7es du parcours Dramaturgies de l\u2019ENS de Lyon, et le sc\u00e9nographe Antonin Fassio, artiste plasticien dipl\u00f4m\u00e9 de l\u2019\u00c9CAL (Lausanne). Une douzaine de collaborateur \u00b7rices &hellip; <a href=\"http:\/\/www.groupe-t.org\/index.php\/qui-sommes-nous\/\" class=\"more-link\">Continuer la lecture de <span class=\"screen-reader-text\">Qui sommes nous ?<\/span><\/a><\/p>\n","protected":false},"author":1,"featured_media":0,"parent":0,"menu_order":0,"comment_status":"closed","ping_status":"closed","template":"","meta":[],"_links":{"self":[{"href":"http:\/\/www.groupe-t.org\/index.php\/wp-json\/wp\/v2\/pages\/271"}],"collection":[{"href":"http:\/\/www.groupe-t.org\/index.php\/wp-json\/wp\/v2\/pages"}],"about":[{"href":"http:\/\/www.groupe-t.org\/index.php\/wp-json\/wp\/v2\/types\/page"}],"author":[{"embeddable":true,"href":"http:\/\/www.groupe-t.org\/index.php\/wp-json\/wp\/v2\/users\/1"}],"replies":[{"embeddable":true,"href":"http:\/\/www.groupe-t.org\/index.php\/wp-json\/wp\/v2\/comments?post=271"}],"version-history":[{"count":12,"href":"http:\/\/www.groupe-t.org\/index.php\/wp-json\/wp\/v2\/pages\/271\/revisions"}],"predecessor-version":[{"id":807,"href":"http:\/\/www.groupe-t.org\/index.php\/wp-json\/wp\/v2\/pages\/271\/revisions\/807"}],"wp:attachment":[{"href":"http:\/\/www.groupe-t.org\/index.php\/wp-json\/wp\/v2\/media?parent=271"}],"curies":[{"name":"wp","href":"https:\/\/api.w.org\/{rel}","templated":true}]}}

<p class="has-small-font-size"><strong>Le Groupe T est une compagnie de théâtre créée en 2016. Elle est le fruit de la rencontre entre la metteuse en scène Juliane Lachaut, l’auteur dramatique Théo Cazau, tous deux diplômé·es du parcours Dramaturgies de l’ENS de Lyon, et le scénographe Antonin Fassio, artiste plasticien diplômé de l’ÉCAL (Lausanne). Une douzaine de collaborateur ·rices fidèles (acteur·rices, créatrice lumière, compositeur, administratrice) viennent compléter l’équipe.</strong></p>



<p class="has-small-font-size"><strong>Dans chacun de ses spectacles, le Groupe T met en scène des communautés ambiguës. Communauté de jeunes et de vieux dans <em>Together!</em>, communauté d’enfants révolutionnaires dans <em>Les Toits bossus</em>, communauté de moines militants dans <em>Les Garçons qui croient sont très seuls, les autres Garçons sont perdus</em> : autant d’occasions de déployer des univers autonomes, denses et fourmillants, qui viennent à chaque fois mettre en travail la question de l’utopie, et celle du théâtre.</strong></p>



<p class="has-small-font-size"><strong>Dans leurs spectacles, la scénographie, le texte et le jeu s’élaborent en allers-retours, ricochets, et strates de recherches successives et ludiques. La particularité de leur travail est en effet d’accorder à leurs trois disciplines une place d’une égale importance dans la création. Cette conception de la fabrique théâtrale les amène à accorder autant d’attention à leurs processus de création qu’aux spectacles qui en résultent. Le Groupe T crée ainsi ses spectacles sur des temps longs, qui sont l’occasion de réaliser des détours et des rencontres à travers des ateliers, étroitement liés aux créations de la compagnie ; mais aussi, des marches, des immersions, des stages, autant de manières d’alimenter les pièces finales en mêlant étroitement amateur·rices et professionnel·les dans leur travail.</strong></p>



<p class="has-small-font-size"><strong>Pour <em>Les Garçons qui croient sont très seuls, les autres Garçons sont perdus</em>, le détour a consisté dans la création d’un répertoire de courtes pièces didactiques et allégoriques autour de l’urgence climatique : les Axiomatiques, représentées en extérieur lors de marches théâtrales. La première a eu lieu à l’été 2023, dans le Morvan. Une deuxième tournée des Axiomatiques est prévue à l’été 2024, dans le Vexin français.</strong></p>



<p class="has-small-font-size"><strong>Le Groupe T est principalement soutenu et coproduit par le Théâtre de la Commune – CDN d’Aubervilliers et le Collectif 12 à Mantes-la-Jolie. Il sera associé à partir de septembre 2024 au Studio-Théâtre de Vitry-sur-Seine.</strong></p>

<p>Le Groupe T est une compagnie de théâtre créée en 2016. Elle est le fruit de la rencontre entre la metteuse en scène Juliane Lachaut, l’auteur dramatique Théo Cazau, tous deux diplômé·es du parcours Dramaturgies de l’ENS de Lyon, et le scénographe Antonin Fassio, artiste plasticien diplômé de l’ÉCAL (Lausanne). Une douzaine de collaborateur ·rices &hellip; <a href="http://www.groupe-t.org/index.php/qui-sommes-nous/" class="more-link">Continuer la lecture de <span class="screen-reader-text">Qui sommes nous ?</span></a></p>
