{"id":637,"date":"2023-06-19T11:19:25","date_gmt":"2023-06-19T09:19:25","guid":{"rendered":"http:\/\/www.groupe-t.org\/?page_id=637"},"modified":"2026-01-09T10:08:02","modified_gmt":"2026-01-09T09:08:02","slug":"les-axiomatiques","status":"publish","type":"page","link":"http:\/\/www.groupe-t.org\/index.php\/les-axiomatiques\/","title":{"rendered":"Les Axiomatiques"},"content":{"rendered":"\n<p class=\"has-small-font-size\"><strong>Les Axiomatiques prend la forme d\u2019un r\u00e9pertoire de courtes pi\u00e8ces, chacune r\u00e9fl\u00e9chissant \u00e0 ce que le th\u00e9\u00e2tre peut \u2013 ou non \u2013 faire pour se hisser \u00e0 la hauteur de l\u2019urgence climatique. Pour leur cr\u00e9ation, nous renouons avec une certaine tradition du th\u00e9\u00e2tre militant que nous croisons ensuite avec d\u2019autres influences comme celles des myst\u00e8res m\u00e9di\u00e9vaux, des farces masqu\u00e9es ou encore des autos sacramentales espagnoles. Elles sont destin\u00e9es \u00e0 des espaces non-th\u00e9\u00e2traux en ext\u00e9rieur.<\/strong><\/p>\n\n\n\n<p class=\"has-text-align-center has-small-font-size\"><strong>UNE CREATION DU GROUPE T<\/strong><\/p>\n\n\n\n<p class=\"has-text-align-center has-small-font-size\"><strong>con\u00e7ue par<\/strong> Th\u00e9o Cazau, Antonin Fassio et Juliane Lachaut<\/p>\n\n\n\n<p class=\"has-text-align-center has-small-font-size\"><strong>avec<\/strong> Camille Blanc, Jean-Yves Duparc, Fr\u00e9d\u00e9ric Fachena, Olivier Horeau, Ya\u00eblle Lucas, Bertrand Schiro et Aur\u00e9lien Vacher<\/p>\n\n\n\n<p class=\"has-text-align-center has-small-font-size\"><strong>mise en sc\u00e8ne :<\/strong> Juliane Lachaut<\/p>\n\n\n\n<p class=\"has-text-align-center has-small-font-size\"><strong>texte :<\/strong> Th\u00e9o Cazau<\/p>\n\n\n\n<p class=\"has-text-align-center has-small-font-size\"><strong>sc\u00e9nographie, costumes et r\u00e9gie g\u00e9n\u00e9rale :<\/strong> Antonin Fassio<\/p>\n\n\n\n<p class=\"has-text-align-center has-small-font-size\"><strong>composition musicale, interpr\u00e9tation et r\u00e9gie son :<\/strong> Solal Mazeran<\/p>\n\n\n\n<p class=\"has-text-align-center has-small-font-size\"><strong>administration et production :<\/strong> H\u00e9lo\u00efse Vignals<\/p>\n\n\n\n<p class=\"has-text-align-left has-small-font-size\"><strong>Coproduction et Partenaire de cr\u00e9ation : <\/strong>Studio-Th\u00e9\u00e2tre de Vitry-sur-Seine<br><strong>Partenaire de diffusion : <\/strong>Th\u00e9\u00e2tre de l\u2019\u00c9changeur de Bagnolet<br><strong>Soutiens : <\/strong>le Collectif 12 (Mantes-la-Jolie) et la Sc\u00e8ne Faramine (Pierre-Perthuis)<\/p>\n\n\n\n<pre class=\"wp-block-preformatted has-small-font-size\"><strong><em>Dates pass\u00e9es<\/em><\/strong>\n\n+ Tourn\u00e9e dans le Val de Marne juillet 2025,<em> en partenariat avec le Studio Th\u00e9\u00e2tre de Vitry<\/em><\/pre>\n\n\n\n<div class=\"wp-block-file\"><a href=\"http:\/\/www.groupe-t.org\/wp-content\/uploads\/2024\/11\/Les-axiomatiques-dossier-artistique-2425.pdf\" target=\"_blank\" rel=\"noreferrer noopener\">Les-axiomatiques-dossier-artistique-24\/25<\/a><a href=\"http:\/\/www.groupe-t.org\/wp-content\/uploads\/2024\/11\/Les-axiomatiques-dossier-artistique-2425.pdf\" class=\"wp-block-file__button\" download>T\u00e9l\u00e9charger<\/a><\/div>\n\n\n\n<figure class=\"wp-block-image size-large\"><img loading=\"lazy\" width=\"1024\" height=\"576\" src=\"http:\/\/www.groupe-t.org\/wp-content\/uploads\/2024\/01\/9-1024x576.jpg\" alt=\"\" class=\"wp-image-668\" srcset=\"http:\/\/www.groupe-t.org\/wp-content\/uploads\/2024\/01\/9-1024x576.jpg 1024w, http:\/\/www.groupe-t.org\/wp-content\/uploads\/2024\/01\/9-300x169.jpg 300w, http:\/\/www.groupe-t.org\/wp-content\/uploads\/2024\/01\/9-768x432.jpg 768w, http:\/\/www.groupe-t.org\/wp-content\/uploads\/2024\/01\/9-1536x864.jpg 1536w, http:\/\/www.groupe-t.org\/wp-content\/uploads\/2024\/01\/9-192x108.jpg 192w, http:\/\/www.groupe-t.org\/wp-content\/uploads\/2024\/01\/9.jpg 1920w\" sizes=\"(max-width: 1024px) 100vw, 1024px\" \/><\/figure>\n\n\n\n<figure class=\"wp-block-image size-large\"><img loading=\"lazy\" width=\"1024\" height=\"609\" src=\"http:\/\/www.groupe-t.org\/wp-content\/uploads\/2024\/01\/362245073_766067995522193_5731245016126663743_n-1024x609.jpg\" alt=\"\" class=\"wp-image-667\" srcset=\"http:\/\/www.groupe-t.org\/wp-content\/uploads\/2024\/01\/362245073_766067995522193_5731245016126663743_n-1024x609.jpg 1024w, http:\/\/www.groupe-t.org\/wp-content\/uploads\/2024\/01\/362245073_766067995522193_5731245016126663743_n-300x179.jpg 300w, http:\/\/www.groupe-t.org\/wp-content\/uploads\/2024\/01\/362245073_766067995522193_5731245016126663743_n-768x457.jpg 768w, http:\/\/www.groupe-t.org\/wp-content\/uploads\/2024\/01\/362245073_766067995522193_5731245016126663743_n-192x114.jpg 192w, http:\/\/www.groupe-t.org\/wp-content\/uploads\/2024\/01\/362245073_766067995522193_5731245016126663743_n.jpg 1371w\" sizes=\"(max-width: 1024px) 100vw, 1024px\" \/><\/figure>\n\n\n\n<figure class=\"wp-block-image size-large\"><img loading=\"lazy\" width=\"1024\" height=\"576\" src=\"http:\/\/www.groupe-t.org\/wp-content\/uploads\/2024\/01\/101-1024x576.jpg\" alt=\"\" class=\"wp-image-665\" srcset=\"http:\/\/www.groupe-t.org\/wp-content\/uploads\/2024\/01\/101-1024x576.jpg 1024w, http:\/\/www.groupe-t.org\/wp-content\/uploads\/2024\/01\/101-300x169.jpg 300w, http:\/\/www.groupe-t.org\/wp-content\/uploads\/2024\/01\/101-768x432.jpg 768w, http:\/\/www.groupe-t.org\/wp-content\/uploads\/2024\/01\/101-1536x864.jpg 1536w, http:\/\/www.groupe-t.org\/wp-content\/uploads\/2024\/01\/101-192x108.jpg 192w, http:\/\/www.groupe-t.org\/wp-content\/uploads\/2024\/01\/101.jpg 1920w\" sizes=\"(max-width: 1024px) 100vw, 1024px\" \/><\/figure>\n\n\n\n<p><\/p>\n","protected":false},"excerpt":{"rendered":"<p>Les Axiomatiques prend la forme d\u2019un r\u00e9pertoire de courtes pi\u00e8ces, chacune r\u00e9fl\u00e9chissant \u00e0 ce que le th\u00e9\u00e2tre peut \u2013 ou non \u2013 faire pour se hisser \u00e0 la hauteur de l\u2019urgence climatique. Pour leur cr\u00e9ation, nous renouons avec une certaine tradition du th\u00e9\u00e2tre militant que nous croisons ensuite avec d\u2019autres influences comme celles des myst\u00e8res &hellip; <a href=\"http:\/\/www.groupe-t.org\/index.php\/les-axiomatiques\/\" class=\"more-link\">Continuer la lecture de <span class=\"screen-reader-text\">Les Axiomatiques<\/span><\/a><\/p>\n","protected":false},"author":1,"featured_media":0,"parent":0,"menu_order":0,"comment_status":"closed","ping_status":"closed","template":"","meta":[],"_links":{"self":[{"href":"http:\/\/www.groupe-t.org\/index.php\/wp-json\/wp\/v2\/pages\/637"}],"collection":[{"href":"http:\/\/www.groupe-t.org\/index.php\/wp-json\/wp\/v2\/pages"}],"about":[{"href":"http:\/\/www.groupe-t.org\/index.php\/wp-json\/wp\/v2\/types\/page"}],"author":[{"embeddable":true,"href":"http:\/\/www.groupe-t.org\/index.php\/wp-json\/wp\/v2\/users\/1"}],"replies":[{"embeddable":true,"href":"http:\/\/www.groupe-t.org\/index.php\/wp-json\/wp\/v2\/comments?post=637"}],"version-history":[{"count":29,"href":"http:\/\/www.groupe-t.org\/index.php\/wp-json\/wp\/v2\/pages\/637\/revisions"}],"predecessor-version":[{"id":855,"href":"http:\/\/www.groupe-t.org\/index.php\/wp-json\/wp\/v2\/pages\/637\/revisions\/855"}],"wp:attachment":[{"href":"http:\/\/www.groupe-t.org\/index.php\/wp-json\/wp\/v2\/media?parent=637"}],"curies":[{"name":"wp","href":"https:\/\/api.w.org\/{rel}","templated":true}]}}

<p class="has-small-font-size"><strong>Les Axiomatiques prend la forme d’un répertoire de courtes pièces, chacune réfléchissant à ce que le théâtre peut – ou non – faire pour se hisser à la hauteur de l’urgence climatique. Pour leur création, nous renouons avec une certaine tradition du théâtre militant que nous croisons ensuite avec d’autres influences comme celles des mystères médiévaux, des farces masquées ou encore des autos sacramentales espagnoles. Elles sont destinées à des espaces non-théâtraux en extérieur.</strong></p>



<p class="has-text-align-center has-small-font-size"><strong>UNE CREATION DU GROUPE T</strong></p>



<p class="has-text-align-center has-small-font-size"><strong>conçue par</strong> Théo Cazau, Antonin Fassio et Juliane Lachaut</p>



<p class="has-text-align-center has-small-font-size"><strong>avec</strong> Camille Blanc, Jean-Yves Duparc, Frédéric Fachena, Olivier Horeau, Yaëlle Lucas, Bertrand Schiro et Aurélien Vacher</p>



<p class="has-text-align-center has-small-font-size"><strong>mise en scène :</strong> Juliane Lachaut</p>



<p class="has-text-align-center has-small-font-size"><strong>texte :</strong> Théo Cazau</p>



<p class="has-text-align-center has-small-font-size"><strong>scénographie, costumes et régie générale :</strong> Antonin Fassio</p>



<p class="has-text-align-center has-small-font-size"><strong>composition musicale, interprétation et régie son :</strong> Solal Mazeran</p>



<p class="has-text-align-center has-small-font-size"><strong>administration et production :</strong> Héloïse Vignals</p>



<p class="has-text-align-left has-small-font-size"><strong>Coproduction et Partenaire de création : </strong>Studio-Théâtre de Vitry-sur-Seine<br><strong>Partenaire de diffusion : </strong>Théâtre de l’Échangeur de Bagnolet<br><strong>Soutiens : </strong>le Collectif 12 (Mantes-la-Jolie) et la Scène Faramine (Pierre-Perthuis)</p>



<pre class="wp-block-preformatted has-small-font-size"><strong><em>Dates passées</em></strong>

+ Tournée dans le Val de Marne juillet 2025,<em> en partenariat avec le Studio Théâtre de Vitry</em></pre>



<div class="wp-block-file"><a href="http://www.groupe-t.org/wp-content/uploads/2024/11/Les-axiomatiques-dossier-artistique-2425.pdf" target="_blank" rel="noreferrer noopener">Les-axiomatiques-dossier-artistique-24/25</a><a href="http://www.groupe-t.org/wp-content/uploads/2024/11/Les-axiomatiques-dossier-artistique-2425.pdf" class="wp-block-file__button" download>Télécharger</a></div>



<figure class="wp-block-image size-large"><img loading="lazy" width="1024" height="576" src="http://www.groupe-t.org/wp-content/uploads/2024/01/9-1024x576.jpg" alt="" class="wp-image-668" srcset="http://www.groupe-t.org/wp-content/uploads/2024/01/9-1024x576.jpg 1024w, http://www.groupe-t.org/wp-content/uploads/2024/01/9-300x169.jpg 300w, http://www.groupe-t.org/wp-content/uploads/2024/01/9-768x432.jpg 768w, http://www.groupe-t.org/wp-content/uploads/2024/01/9-1536x864.jpg 1536w, http://www.groupe-t.org/wp-content/uploads/2024/01/9-192x108.jpg 192w, http://www.groupe-t.org/wp-content/uploads/2024/01/9.jpg 1920w" sizes="(max-width: 1024px) 100vw, 1024px" /></figure>



<figure class="wp-block-image size-large"><img loading="lazy" width="1024" height="609" src="http://www.groupe-t.org/wp-content/uploads/2024/01/362245073_766067995522193_5731245016126663743_n-1024x609.jpg" alt="" class="wp-image-667" srcset="http://www.groupe-t.org/wp-content/uploads/2024/01/362245073_766067995522193_5731245016126663743_n-1024x609.jpg 1024w, http://www.groupe-t.org/wp-content/uploads/2024/01/362245073_766067995522193_5731245016126663743_n-300x179.jpg 300w, http://www.groupe-t.org/wp-content/uploads/2024/01/362245073_766067995522193_5731245016126663743_n-768x457.jpg 768w, http://www.groupe-t.org/wp-content/uploads/2024/01/362245073_766067995522193_5731245016126663743_n-192x114.jpg 192w, http://www.groupe-t.org/wp-content/uploads/2024/01/362245073_766067995522193_5731245016126663743_n.jpg 1371w" sizes="(max-width: 1024px) 100vw, 1024px" /></figure>



<figure class="wp-block-image size-large"><img loading="lazy" width="1024" height="576" src="http://www.groupe-t.org/wp-content/uploads/2024/01/101-1024x576.jpg" alt="" class="wp-image-665" srcset="http://www.groupe-t.org/wp-content/uploads/2024/01/101-1024x576.jpg 1024w, http://www.groupe-t.org/wp-content/uploads/2024/01/101-300x169.jpg 300w, http://www.groupe-t.org/wp-content/uploads/2024/01/101-768x432.jpg 768w, http://www.groupe-t.org/wp-content/uploads/2024/01/101-1536x864.jpg 1536w, http://www.groupe-t.org/wp-content/uploads/2024/01/101-192x108.jpg 192w, http://www.groupe-t.org/wp-content/uploads/2024/01/101.jpg 1920w" sizes="(max-width: 1024px) 100vw, 1024px" /></figure>



<p></p>

<p>Les Axiomatiques prend la forme d’un répertoire de courtes pièces, chacune réfléchissant à ce que le théâtre peut – ou non – faire pour se hisser à la hauteur de l’urgence climatique. Pour leur création, nous renouons avec une certaine tradition du théâtre militant que nous croisons ensuite avec d’autres influences comme celles des mystères &hellip; <a href="http://www.groupe-t.org/index.php/les-axiomatiques/" class="more-link">Continuer la lecture de <span class="screen-reader-text">Les Axiomatiques</span></a></p>
