{"id":823,"date":"2025-02-10T11:20:48","date_gmt":"2025-02-10T10:20:48","guid":{"rendered":"http:\/\/www.groupe-t.org\/?page_id=823"},"modified":"2025-02-10T11:50:50","modified_gmt":"2025-02-10T10:50:50","slug":"wari-wari","status":"publish","type":"page","link":"http:\/\/www.groupe-t.org\/index.php\/wari-wari\/","title":{"rendered":"Wari Wari"},"content":{"rendered":"\n<p class=\"has-small-font-size\">N\u00e9es du d\u00e9sir de faire th\u00e9\u00e2tre autrement, les soir\u00e9es Wari Wari invitent \u00e0 un condens\u00e9 de formes th\u00e9\u00e2trales in\u00e9dites, quelque part entre le cabaret et le th\u00e9\u00e2tre de poche. La miniature est reine aux soir\u00e9es Wari Wari : le temps court et l\u2019espace restreint pour seules contraintes de cr\u00e9ation, on t\u00e2che d\u2019y condenser de nouvelles formes de symbolisation collective, on tente d\u2019y attraper du commun, du sens, d\u2019y saisir quelque chose de l\u2019\u00e9poque dans des pr\u00e9cipit\u00e9s de th\u00e9\u00e2tre hyper denses. \u00c0 l\u2019occasion des cinq soir\u00e9es Wari Wari de cette premi\u00e8re saison, on d\u00e9couvrira les r\u00e9alisations du Beautiful Red Sky Studio de L\u2019\u00c9changeur qui rassemblent les cr\u00e9ations de poche du Groupe T et de Marie-Jos\u00e9 Malis et sa compagnie la Llevantina, du th\u00e9\u00e2tre auto-actif, des cours du soirs, de la troupe amateur, des labos\u2026 dans cet esprit que le sens, ici, se fabrique ensemble.<\/p>\n\n\n\n<p class=\"has-small-font-size\">Dans sa tour, H\u00f6lderlin r\u00e9pondait parfois \u00e0 ses visiteurs importuns par ces quelques mots : Wari Wari. Le Groupe T et la Cie La Llevantina aiment Wari Wari. Il se tait sur ce qui ne peut \u00eatre dit que par de nouvelles condensations. Ces soir\u00e9es seront donc les Wari Wari du Beautiful Red Sky Studio de L\u2019\u00c9changeur.<\/p>\n\n\n\n<p><\/p>\n\n\n\n<p class=\"has-text-align-center has-small-font-size\"><strong>\u00c9quipe Groupe T pr\u00e9sente pendant les repr\u00e9sentations :<\/strong><\/p>\n\n\n\n<p class=\"has-text-align-center has-small-font-size\"><strong>mise en sc\u00e8ne et jeu <\/strong>Juliane Lachaut<\/p>\n\n\n\n<p class=\"has-text-align-center has-small-font-size\"><strong>jeu <\/strong>Lou Chr\u00e9tien-F\u00e9vrier, H\u00e9l\u00e8ne Rencurel et Camille Blanc<strong>&nbsp;<\/strong><\/p>\n\n\n\n<p class=\"has-text-align-center has-small-font-size\"><strong>texte <\/strong>Th\u00e9o Cazau<\/p>\n\n\n\n<p class=\"has-text-align-center has-small-font-size\"><strong>sc\u00e9nographie et costumes <\/strong>Antonin Fassio<\/p>\n\n\n\n<p class=\"has-text-align-center has-small-font-size\"><strong>cr\u00e9ation sonore<\/strong> Solal Mazeran<\/p>\n\n\n\n<p class=\"has-text-align-center has-small-font-size\"><strong>lumi\u00e8re et r\u00e9gie <\/strong>Louise Brinon<\/p>\n\n\n\n<p class=\"has-text-align-center has-small-font-size\"><em>Il y aura \u00e9galement pour nous aider pour le service Carla Neff.<\/em><\/p>\n\n\n\n<p> <\/p>\n\n\n\n<p><\/p>\n\n\n\n<p class=\"has-text-align-center has-small-font-size\"><strong>\u00c9quipe Atelier Amateur pr\u00e9sente avec le Groupe T :<\/strong>\u00a0<\/p>\n\n\n\n<p class=\"has-text-align-center has-small-font-size\">Ferdinand M\u00e9lique <strong>vendredi 14 mars et lundi 17 mars<\/strong><\/p>\n\n\n\n<p class=\"has-text-align-center has-small-font-size\">Antoine Cariou <strong>vendredi 14 mars et samedi 15 mars<\/strong><\/p>\n\n\n\n<p class=\"has-text-align-center has-small-font-size\">Isma\u00ebl Gayla <strong>lundi 17 mars et mardi 18 mars<\/strong><\/p>\n\n\n\n<p class=\"has-text-align-center has-small-font-size\">Chaneze Kamoun <strong>lundi 17 mars<\/strong><\/p>\n\n\n\n<p class=\"has-text-align-center has-small-font-size\">Emmanuelle Godard <strong>lundi 17 mars<\/strong><\/p>\n\n\n\n<p class=\"has-text-align-center has-small-font-size\">Caroline Guitton <strong>mardi 18 mars<\/strong><\/p>\n\n\n\n<p class=\"has-text-align-center has-small-font-size\">Emmanuelle Hebraud <strong>mardi 18 mars<\/strong><\/p>\n\n\n\n<p class=\"has-text-align-center has-small-font-size\">Camille Vannier <strong>samedi 15 mars<\/strong><\/p>\n\n\n\n<p class=\"has-text-align-center has-small-font-size\">Olivier Gobin <strong>dimanche 16 mars<\/strong><\/p>\n\n\n\n<p class=\"has-text-align-center has-small-font-size\">Laurent Duneau <strong>lundi 17 mars<\/strong><\/p>\n\n\n\n<p class=\"has-text-align-center has-small-font-size\">Patience Munchenbach <strong>samedi 15 mars<\/strong><\/p>\n\n\n\n<p class=\"has-text-align-center has-small-font-size\">Joachim Valero alias La M\u00fbre <strong>samedi 15 mars<\/strong><\/p>\n\n\n\n<p><\/p>\n\n\n\n<p class=\"has-small-font-size\"><strong>Partenaire :<\/strong> Cor\u00e9alisation Th\u00e9\u00e2tre L\u2019\u00c9changeur &#8211; Cie Public Ch\u00e9ri | Le Groupe T et la Cie La llevantina sont implant\u00e9s au Th\u00e9\u00e2tre L\u2019\u00c9changeur | La compagnie La Llevantina est soutenue par la DGCA | Le Groupe T a \u00e9t\u00e9 principalement soutenu et coproduit par le Th\u00e9\u00e2tre de la Commune \u2013 CDN d\u2019Aubervilliers et le Collectif 12 \u00e0 Mantes-la-Jolie et est associ\u00e9 depuis septembre 2024 au Studio-Th\u00e9\u00e2tre de Vitry-sur-Seine | L\u2019atelier amateur est soutenu par la Pr\u00e9fecture de Seine-Saint-Denis et la ville de Bagnolet dans le cadre de la politique de la ville |<\/p>\n\n\n\n<p><\/p>\n\n\n\n<p class=\"has-small-font-size\"><strong><em>Dates \u00e0 venir<\/em><\/strong> :<\/p>\n\n\n\n<p class=\"has-small-font-size\">+ Du 14 au 18 mars 2025 &#8211; Th\u00e9\u00e2tre de L&rsquo;Echangeur &#8211; Bagnolet &#8211; <a href=\"https:\/\/lechangeur.org\/programmation\/spectacles\/wari-wari\" target=\"_blank\" rel=\"noreferrer noopener\">https:\/\/lechangeur.org\/programmation\/spectacles\/wari-wari<\/a><\/p>\n\n\n\n<p><\/p>\n\n\n\n<div class=\"wp-block-image\"><figure class=\"aligncenter size-large\"><img loading=\"lazy\" width=\"726\" height=\"1024\" src=\"http:\/\/www.groupe-t.org\/wp-content\/uploads\/2025\/02\/flyer-soire\u0301e-wari-wari-1-726x1024.jpg\" alt=\"\" class=\"wp-image-841\" srcset=\"http:\/\/www.groupe-t.org\/wp-content\/uploads\/2025\/02\/flyer-soire\u0301e-wari-wari-1-726x1024.jpg 726w, http:\/\/www.groupe-t.org\/wp-content\/uploads\/2025\/02\/flyer-soire\u0301e-wari-wari-1-213x300.jpg 213w, http:\/\/www.groupe-t.org\/wp-content\/uploads\/2025\/02\/flyer-soire\u0301e-wari-wari-1-768x1083.jpg 768w, http:\/\/www.groupe-t.org\/wp-content\/uploads\/2025\/02\/flyer-soire\u0301e-wari-wari-1-1090x1536.jpg 1090w, http:\/\/www.groupe-t.org\/wp-content\/uploads\/2025\/02\/flyer-soire\u0301e-wari-wari-1-136x192.jpg 136w, http:\/\/www.groupe-t.org\/wp-content\/uploads\/2025\/02\/flyer-soire\u0301e-wari-wari-1.jpg 1240w\" sizes=\"(max-width: 726px) 100vw, 726px\" \/><\/figure><\/div>\n\n\n\n<div class=\"wp-block-image\"><figure class=\"aligncenter size-large\"><img loading=\"lazy\" width=\"726\" height=\"1024\" src=\"http:\/\/www.groupe-t.org\/wp-content\/uploads\/2025\/02\/flyer-soire\u0301e-wari-wari-2-726x1024.jpg\" alt=\"\" class=\"wp-image-842\" srcset=\"http:\/\/www.groupe-t.org\/wp-content\/uploads\/2025\/02\/flyer-soire\u0301e-wari-wari-2-726x1024.jpg 726w, http:\/\/www.groupe-t.org\/wp-content\/uploads\/2025\/02\/flyer-soire\u0301e-wari-wari-2-213x300.jpg 213w, http:\/\/www.groupe-t.org\/wp-content\/uploads\/2025\/02\/flyer-soire\u0301e-wari-wari-2-768x1083.jpg 768w, http:\/\/www.groupe-t.org\/wp-content\/uploads\/2025\/02\/flyer-soire\u0301e-wari-wari-2-1090x1536.jpg 1090w, http:\/\/www.groupe-t.org\/wp-content\/uploads\/2025\/02\/flyer-soire\u0301e-wari-wari-2-136x192.jpg 136w, http:\/\/www.groupe-t.org\/wp-content\/uploads\/2025\/02\/flyer-soire\u0301e-wari-wari-2.jpg 1240w\" sizes=\"(max-width: 726px) 100vw, 726px\" \/><\/figure><\/div>\n\n\n\n<div class=\"wp-block-image\"><figure class=\"aligncenter size-full\"><img loading=\"lazy\" width=\"498\" height=\"640\" src=\"http:\/\/www.groupe-t.org\/wp-content\/uploads\/2025\/02\/wariwari-low.jpg\" alt=\"\" class=\"wp-image-828\" srcset=\"http:\/\/www.groupe-t.org\/wp-content\/uploads\/2025\/02\/wariwari-low.jpg 498w, http:\/\/www.groupe-t.org\/wp-content\/uploads\/2025\/02\/wariwari-low-233x300.jpg 233w, http:\/\/www.groupe-t.org\/wp-content\/uploads\/2025\/02\/wariwari-low-149x192.jpg 149w\" sizes=\"(max-width: 498px) 100vw, 498px\" \/><\/figure><\/div>\n","protected":false},"excerpt":{"rendered":"<p>N\u00e9es du d\u00e9sir de faire th\u00e9\u00e2tre autrement, les soir\u00e9es Wari Wari invitent \u00e0 un condens\u00e9 de formes th\u00e9\u00e2trales in\u00e9dites, quelque part entre le cabaret et le th\u00e9\u00e2tre de poche. La miniature est reine aux soir\u00e9es Wari Wari : le temps court et l\u2019espace restreint pour seules contraintes de cr\u00e9ation, on t\u00e2che d\u2019y condenser de nouvelles &hellip; <a href=\"http:\/\/www.groupe-t.org\/index.php\/wari-wari\/\" class=\"more-link\">Continuer la lecture de <span class=\"screen-reader-text\">Wari Wari<\/span><\/a><\/p>\n","protected":false},"author":1,"featured_media":0,"parent":0,"menu_order":0,"comment_status":"closed","ping_status":"closed","template":"","meta":[],"_links":{"self":[{"href":"http:\/\/www.groupe-t.org\/index.php\/wp-json\/wp\/v2\/pages\/823"}],"collection":[{"href":"http:\/\/www.groupe-t.org\/index.php\/wp-json\/wp\/v2\/pages"}],"about":[{"href":"http:\/\/www.groupe-t.org\/index.php\/wp-json\/wp\/v2\/types\/page"}],"author":[{"embeddable":true,"href":"http:\/\/www.groupe-t.org\/index.php\/wp-json\/wp\/v2\/users\/1"}],"replies":[{"embeddable":true,"href":"http:\/\/www.groupe-t.org\/index.php\/wp-json\/wp\/v2\/comments?post=823"}],"version-history":[{"count":10,"href":"http:\/\/www.groupe-t.org\/index.php\/wp-json\/wp\/v2\/pages\/823\/revisions"}],"predecessor-version":[{"id":844,"href":"http:\/\/www.groupe-t.org\/index.php\/wp-json\/wp\/v2\/pages\/823\/revisions\/844"}],"wp:attachment":[{"href":"http:\/\/www.groupe-t.org\/index.php\/wp-json\/wp\/v2\/media?parent=823"}],"curies":[{"name":"wp","href":"https:\/\/api.w.org\/{rel}","templated":true}]}}

<p class="has-small-font-size">Nées du désir de faire théâtre autrement, les soirées Wari Wari invitent à un condensé de formes théâtrales inédites, quelque part entre le cabaret et le théâtre de poche. La miniature est reine aux soirées Wari Wari : le temps court et l’espace restreint pour seules contraintes de création, on tâche d’y condenser de nouvelles formes de symbolisation collective, on tente d’y attraper du commun, du sens, d’y saisir quelque chose de l’époque dans des précipités de théâtre hyper denses. À l’occasion des cinq soirées Wari Wari de cette première saison, on découvrira les réalisations du Beautiful Red Sky Studio de L’Échangeur qui rassemblent les créations de poche du Groupe T et de Marie-José Malis et sa compagnie la Llevantina, du théâtre auto-actif, des cours du soirs, de la troupe amateur, des labos… dans cet esprit que le sens, ici, se fabrique ensemble.</p>



<p class="has-small-font-size">Dans sa tour, Hölderlin répondait parfois à ses visiteurs importuns par ces quelques mots : Wari Wari. Le Groupe T et la Cie La Llevantina aiment Wari Wari. Il se tait sur ce qui ne peut être dit que par de nouvelles condensations. Ces soirées seront donc les Wari Wari du Beautiful Red Sky Studio de L’Échangeur.</p>



<p></p>



<p class="has-text-align-center has-small-font-size"><strong>Équipe Groupe T présente pendant les représentations :</strong></p>



<p class="has-text-align-center has-small-font-size"><strong>mise en scène et jeu </strong>Juliane Lachaut</p>



<p class="has-text-align-center has-small-font-size"><strong>jeu </strong>Lou Chrétien-Février, Hélène Rencurel et Camille Blanc<strong>&nbsp;</strong></p>



<p class="has-text-align-center has-small-font-size"><strong>texte </strong>Théo Cazau</p>



<p class="has-text-align-center has-small-font-size"><strong>scénographie et costumes </strong>Antonin Fassio</p>



<p class="has-text-align-center has-small-font-size"><strong>création sonore</strong> Solal Mazeran</p>



<p class="has-text-align-center has-small-font-size"><strong>lumière et régie </strong>Louise Brinon</p>



<p class="has-text-align-center has-small-font-size"><em>Il y aura également pour nous aider pour le service Carla Neff.</em></p>



<p> </p>



<p></p>



<p class="has-text-align-center has-small-font-size"><strong>Équipe Atelier Amateur présente avec le Groupe T :</strong> </p>



<p class="has-text-align-center has-small-font-size">Ferdinand Mélique <strong>vendredi 14 mars et lundi 17 mars</strong></p>



<p class="has-text-align-center has-small-font-size">Antoine Cariou <strong>vendredi 14 mars et samedi 15 mars</strong></p>



<p class="has-text-align-center has-small-font-size">Ismaël Gayla <strong>lundi 17 mars et mardi 18 mars</strong></p>



<p class="has-text-align-center has-small-font-size">Chaneze Kamoun <strong>lundi 17 mars</strong></p>



<p class="has-text-align-center has-small-font-size">Emmanuelle Godard <strong>lundi 17 mars</strong></p>



<p class="has-text-align-center has-small-font-size">Caroline Guitton <strong>mardi 18 mars</strong></p>



<p class="has-text-align-center has-small-font-size">Emmanuelle Hebraud <strong>mardi 18 mars</strong></p>



<p class="has-text-align-center has-small-font-size">Camille Vannier <strong>samedi 15 mars</strong></p>



<p class="has-text-align-center has-small-font-size">Olivier Gobin <strong>dimanche 16 mars</strong></p>



<p class="has-text-align-center has-small-font-size">Laurent Duneau <strong>lundi 17 mars</strong></p>



<p class="has-text-align-center has-small-font-size">Patience Munchenbach <strong>samedi 15 mars</strong></p>



<p class="has-text-align-center has-small-font-size">Joachim Valero alias La Mûre <strong>samedi 15 mars</strong></p>



<p></p>



<p class="has-small-font-size"><strong>Partenaire :</strong> Coréalisation Théâtre L’Échangeur &#8211; Cie Public Chéri | Le Groupe T et la Cie La llevantina sont implantés au Théâtre L’Échangeur | La compagnie La Llevantina est soutenue par la DGCA | Le Groupe T a été principalement soutenu et coproduit par le Théâtre de la Commune – CDN d’Aubervilliers et le Collectif 12 à Mantes-la-Jolie et est associé depuis septembre 2024 au Studio-Théâtre de Vitry-sur-Seine | L’atelier amateur est soutenu par la Préfecture de Seine-Saint-Denis et la ville de Bagnolet dans le cadre de la politique de la ville |</p>



<p></p>



<p class="has-small-font-size"><strong><em>Dates à venir</em></strong> :</p>



<p class="has-small-font-size">+ Du 14 au 18 mars 2025 &#8211; Théâtre de L&rsquo;Echangeur &#8211; Bagnolet &#8211; <a href="https://lechangeur.org/programmation/spectacles/wari-wari" target="_blank" rel="noreferrer noopener">https://lechangeur.org/programmation/spectacles/wari-wari</a></p>



<p></p>



<div class="wp-block-image"><figure class="aligncenter size-large"><img loading="lazy" width="726" height="1024" src="http://www.groupe-t.org/wp-content/uploads/2025/02/flyer-soirée-wari-wari-1-726x1024.jpg" alt="" class="wp-image-841" srcset="http://www.groupe-t.org/wp-content/uploads/2025/02/flyer-soirée-wari-wari-1-726x1024.jpg 726w, http://www.groupe-t.org/wp-content/uploads/2025/02/flyer-soirée-wari-wari-1-213x300.jpg 213w, http://www.groupe-t.org/wp-content/uploads/2025/02/flyer-soirée-wari-wari-1-768x1083.jpg 768w, http://www.groupe-t.org/wp-content/uploads/2025/02/flyer-soirée-wari-wari-1-1090x1536.jpg 1090w, http://www.groupe-t.org/wp-content/uploads/2025/02/flyer-soirée-wari-wari-1-136x192.jpg 136w, http://www.groupe-t.org/wp-content/uploads/2025/02/flyer-soirée-wari-wari-1.jpg 1240w" sizes="(max-width: 726px) 100vw, 726px" /></figure></div>



<div class="wp-block-image"><figure class="aligncenter size-large"><img loading="lazy" width="726" height="1024" src="http://www.groupe-t.org/wp-content/uploads/2025/02/flyer-soirée-wari-wari-2-726x1024.jpg" alt="" class="wp-image-842" srcset="http://www.groupe-t.org/wp-content/uploads/2025/02/flyer-soirée-wari-wari-2-726x1024.jpg 726w, http://www.groupe-t.org/wp-content/uploads/2025/02/flyer-soirée-wari-wari-2-213x300.jpg 213w, http://www.groupe-t.org/wp-content/uploads/2025/02/flyer-soirée-wari-wari-2-768x1083.jpg 768w, http://www.groupe-t.org/wp-content/uploads/2025/02/flyer-soirée-wari-wari-2-1090x1536.jpg 1090w, http://www.groupe-t.org/wp-content/uploads/2025/02/flyer-soirée-wari-wari-2-136x192.jpg 136w, http://www.groupe-t.org/wp-content/uploads/2025/02/flyer-soirée-wari-wari-2.jpg 1240w" sizes="(max-width: 726px) 100vw, 726px" /></figure></div>



<div class="wp-block-image"><figure class="aligncenter size-full"><img loading="lazy" width="498" height="640" src="http://www.groupe-t.org/wp-content/uploads/2025/02/wariwari-low.jpg" alt="" class="wp-image-828" srcset="http://www.groupe-t.org/wp-content/uploads/2025/02/wariwari-low.jpg 498w, http://www.groupe-t.org/wp-content/uploads/2025/02/wariwari-low-233x300.jpg 233w, http://www.groupe-t.org/wp-content/uploads/2025/02/wariwari-low-149x192.jpg 149w" sizes="(max-width: 498px) 100vw, 498px" /></figure></div>

<p>Nées du désir de faire théâtre autrement, les soirées Wari Wari invitent à un condensé de formes théâtrales inédites, quelque part entre le cabaret et le théâtre de poche. La miniature est reine aux soirées Wari Wari : le temps court et l’espace restreint pour seules contraintes de création, on tâche d’y condenser de nouvelles &hellip; <a href="http://www.groupe-t.org/index.php/wari-wari/" class="more-link">Continuer la lecture de <span class="screen-reader-text">Wari Wari</span></a></p>
